 -2 - (9 - 217). What is the greatest common factor of w and g?
26
Let l(i) = -62*i + 935. Let u be l(9). What is the highest common divisor of 203 and u?
29
Let u = 2 + -2. Suppose -3*y = y - 3*j + 1189, 2*y - 4*j + 582 = u. Let v be (-3)/5 - y/35. Calculate the highest common divisor of v and 4.
4
Let a(u) = -u**3 + 8*u**2 + 6*u + 9. Let c be (28/8 - 3)*18. Let q be a(c). Let x = 6 - q. What is the highest common divisor of 36 and x?
12
Suppose 60 = -5*x + 7645. Calculate the greatest common factor of 41 and x.
41
Let a be (7 + -99 + 6)*-1. What is the greatest common divisor of a and 43?
43
Let z = -3235 + 5901. Calculate the greatest common divisor of z and 86.
86
Let n be -3*((-762)/9 + 3). Let d = -84 + n. Calculate the greatest common divisor of d and 23.
23
Let b(r) = -r**3 + 2*r**2 + 5*r + 6. Let t be b(-3). Let o = t - 16. Suppose 0 = 2*m - 19 - 1. What is the greatest common divisor of m and o?
10
Let r be 2/((3 - 0)/(-45)). Let j be (-10)/(-8)*(-36)/r*42. What is the greatest common divisor of j and 9?
9
Let x(k) = 312*k - 7. Let d be x(11). Calculate the highest common factor of 25 and d.
25
Let i be (-1)/(-2)*182/13. Suppose 3*g = 3*z + 45, 0 = -g + 4*z - i*z + 11. What is the greatest common factor of g and 14?
14
Suppose 1 - 31 = -5*x. Let u be (-2)/x*-1*69. What is the greatest common divisor of 46 and u?
23
Suppose -5*v + 19 - 14 = -5*z, -19 = -2*z - 5*v. What is the greatest common factor of z and 104?
2
Suppose -23 = -3*p + 64. Suppose 5*a - p = 16. What is the greatest common divisor of a and 9?
9
Let s be 216/10 - (-2)/5. Let i(v) = 74*v + 6. Suppose 0 = -l - 5*h + 7, -5*h + h = -2*l. Let r be i(l). What is the highest common divisor of r and s?
22
Suppose 13*g + 385 + 213 = 0. Let v = g + 53. What is the highest common factor of v and 175?
7
Let h(m) = 56*m + 171. Let i be h(27). What is the highest common divisor of i and 18?
9
Let j = -1 + 6. Suppose -5*s + 1 + 4 = 0, j*s = 5*z - 235. Let l be 1 - (-4)/(4/31). Calculate the greatest common factor of z and l.
16
Let r = 43 + -20. Suppose -j = 3*l - r, 3 + 4 = l + j. What is the highest common divisor of l and 40?
8
Let j(x) = 73*x - 228. Let m be j(4). What is the highest common factor of m and 176?
16
Suppose -3*x + 2*x = -2*c - 11, -2*x + 17 = c. What is the greatest common divisor of 171 and x?
9
Let p be (-9)/(-5)*(-1 + 6). Let y = 28 - -8. Calculate the highest common factor of y and p.
9
Let k(j) = j**3 - 17*j**2 - 3*j + 15. Let s be k(0). What is the highest common divisor of s and 27?
3
Suppose g + 2*g = 0. Let o = 0 + g. Suppose o = 5*x + f - 58, 22 = 3*x - 2*x - 5*f. Calculate the greatest common factor of x and 3.
3
Suppose 0 = 2*k + 5*s - 2786, 81*s + 4 = 80*s. What is the greatest common divisor of 23 and k?
23
Let t = 24 - 15. Suppose 16 = 3*u - 5*p, 2*p + 1 = -t. Let m(b) = -85*b - 3. Let j be m(u). Calculate the highest common factor of j and 28.
28
Let r = 227 - 157. What is the greatest common divisor of r and 315?
35
Let b = -31 + 67. Let i = -77 - -60. Let m = 29 + i. What is the highest common divisor of b and m?
12
Suppose -2*r - 2*r - 5*c - 16 = 0, 0 = -2*r - 4*c - 2. Let y be 3/r*3 - -22. Let s = y - 20. Calculate the greatest common factor of 11 and s.
1
Suppose -2*v = z - 7, -z = 5*v + 2*z - 17. Let c(u) = u - 6. Let w be c(4). Let l be w/(-8) - 60/(-16). What is the highest common factor of v and l?
4
Let v be 1/3*(4 - 4). Suppose -f = 3*b + f - 318, v = 5*b + 4*f - 532. Calculate the greatest common factor of b and 13.
13
Suppose 5*y + 14 = g - 16, y = -5*g + 150. Let u = -303 + 323. Calculate the highest common factor of u and g.
10
Let a = 2597 - 1747. Calculate the greatest common divisor of 50 and a.
50
Let g be (18*(-4)/(-24))/((-3)/(-22)). Calculate the highest common divisor of g and 264.
22
Let l(v) = v**3 - 6*v**2 + 9*v + 2. Let p be l(3). Let w = -1 - -1. Suppose -2*z + 77 = 3*m, -2*m - p = -w*m. Calculate the greatest common factor of 16 and z.
8
Suppose -i + 10 = 6. What is the highest common divisor of i and 36?
4
Let x(b) = 4*b**3 - b**2 - b - 3. Let g be x(3). Let a = 54 + g. Calculate the greatest common factor of 21 and a.
21
Let s = 9 + 12. Suppose -47 = -5*a - h + 4*h, 0 = -2*a - 4*h - 2. What is the greatest common divisor of s and a?
7
Let t be (-54)/(-4) + (-5)/(-10). Let c = t - 0. Let a be (1694/55)/(-2 + 22/10). What is the greatest common divisor of a and c?
14
Let o be (-58)/(-4)*(-1 - 3). Let l be o/(-2) + -1 + -1. Suppose -3*q + 74 - 20 = 0. What is the greatest common factor of l and q?
9
Let k(c) = -c**2 - 7*c + 19. Let x = -33 + 65. Let q = 24 - x. Let i be k(q). Calculate the highest common divisor of 77 and i.
11
Suppose -4*a + 217 = 6*z - 3*z, -a = -3*z - 43. Calculate the greatest common divisor of a and 208.
52
Suppose -5*j + 225 = 5*d, 0 = -j + d + 16 + 27. Suppose 11*s - 176 + j = 0. What is the greatest common factor of s and 8?
4
Suppose -137 = -11*m + 39. What is the highest common factor of m and 592?
16
Let n = 1375 + -699. Suppose -3*k = -5*k + n. What is the highest common divisor of 13 and k?
13
Let i = 8 - -55. Suppose a + 3 - 6 = 0. Let m be ((-14)/2)/(-1)*a. What is the greatest common divisor of i and m?
21
Let u be (54*8/12)/1. Let j = -23 + u. Suppose -2*y + 11 = -j. What is the highest common divisor of y and 24?
12
Let m = 3 - 4. Let q(i) = -i**3 + 4*i**2 - 6*i + 3. Let z be q(2). Let p be 35 - (m + z + 1). What is the highest common divisor of 4 and p?
4
Let s be 290/30 + (-6)/9. Suppose 2*j = -8*q + 3*q - 1, q + j + 2 = 0. Calculate the highest common factor of q and s.
1
Suppose 31 = 4*y + x - 79, -3*y = 4*x - 76. Calculate the highest common factor of y and 770.
14
Let a = 730 - 670. Calculate the highest common factor of a and 390.
30
Let y = 1505 - 929. Calculate the greatest common divisor of y and 48.
48
Let g = -1500 - -2040. What is the highest common factor of 240 and g?
60
Suppose 0*q + 4 = q. Let k be 62296/780 - (26/30 + -1). Suppose l + q*l = k. What is the greatest common divisor of l and 2?
2
Suppose -4*g - 33*u + 449 = -28*u, -4*g = -3*u - 441. Suppose -3*o - h = -108, -5*h + 4 = -4*o + 167. Calculate the highest common divisor of o and g.
37
Let y(k) = k**2 + 2*k - 3. Let w be y(-9). Suppose 3*g = -3*g + w. Calculate the greatest common factor of g and 30.
10
Let l = 250 - 200. Calculate the highest common divisor of 30 and l.
10
Let h(c) = -c**3 + 9*c**2 + 30*c + 166. Let r be h(13). Suppose 3*i - 7 - 35 = 0. Let d be (-2 + -5)*r/i. What is the greatest common divisor of d and 12?
12
Let p(m) = 11*m**3 - 31*m**2 + 4*m - 5. Let q be p(3). Let h be (9/12)/((-1)/(-100)). Calculate the highest common divisor of q and h.
25
Suppose 0 = 9*n - 5*n - 84. What is the greatest common divisor of n and 861?
21
Let i be (-2)/8 + 52/(-32)*-2. Suppose 0 = -y + 5*a, 0 = y - a + i*a - 28. Calculate the greatest common divisor of y and 160.
20
Suppose -5*v + 2*v = -27. Suppose 0 = -3*o + 3*t + 21 + v, t - 4 = -o. What is the greatest common divisor of o and 35?
7
Suppose -a - 28 = -3*f + 65, 2*f - 62 = -4*a. Let c = 49 - f. Calculate the highest common factor of c and 54.
18
Let c(t) = t**3 + 7*t**2 + 5*t + 9. Let h be c(-6). Let n be (-3 - -2)/(8/(-16)) + 226. Suppose 372 + n = 5*w. What is the greatest common factor of h and w?
15
Suppose -1 + 9 = 4*j. Let k(o) = o**3 + 9*o**2 + 7*o - 4. Let l be k(-8). Let r be 1/l + (-30)/(-40). Calculate the highest common divisor of j and r.
1
Let h = -1683 - -1869. Calculate the greatest common divisor of h and 527.
31
Suppose 0*d = -d + 12. Suppose -3*z = 3 - d. Suppose 7*k = 4*l + 3*k - 816, 0 = z*l + 2*k - 612. Calculate the greatest common divisor of 34 and l.
34
Let i be 417*3/(3 - 0). Let l = -241 + i. Let h = l - 96. What is the highest common factor of 20 and h?
20
Let u = -1567 - -2641. Let c be 2/(-6) + u/9. What is the highest common divisor of c and 17?
17
Let r be ((-3)/6)/((-2)/12*1). Suppose -4*x + 300 = -r*s, -5*s + 14 - 178 = -2*x. What is the greatest common factor of 18 and x?
18
Let f = 78 + -71. Suppose -33 = -2*x + 65. What is the greatest common factor of x and f?
7
Let w(n) = -2*n**2 - 3*n + 93. Let u be w(0). Let j be -3 + 1/(2 - 183/u). Calculate the greatest common divisor of 14 and j.
14
Let m be 3/((-1)/(-4) + 0)